of 16718?
True
Does 41 divide 1191?
False
Does 13 divide 2717?
True
Is 88895 a multiple of 122?
False
Does 3 divide 102?
True
Does 99 divide 7391?
False
Is 13 a factor of 676?
True
Does 11 divide 884?
False
Does 8 divide 8592?
True
Is 28 a factor of 12327?
False
Does 16 divide 1044?
False
Is 247 a factor of 62738?
True
Is 7 a factor of 420?
True
Is 66 a factor of 1093?
False
Is 14 a factor of 3248?
True
Is 34 a factor of 12338?
False
Is 31357 a multiple of 35?
False
Does 4 divide 1428?
True
Does 15 divide 195?
True
Is 6 a factor of 4846?
False
Is 14608 a multiple of 35?
False
Is 13 a factor of 16848?
True
Is 7 a factor of 75455?
False
Is 230 a multiple of 23?
True
Is 22 a factor of 2315?
False
Does 5 divide 379?
False
Is 32 a factor of 445?
False
Is 32 a factor of 13600?
True
Is 110 a factor of 7262?
False
Is 25 a factor of 5400?
True
Is 10 a factor of 8580?
True
Is 3330 a multiple of 10?
True
Is 22961 a multiple of 56?
False
Is 167 a factor of 127582?
False
Is 139629 a multiple of 11?
False
Is 11 a factor of 3116?
False
Does 61 divide 263?
False
Is 1564 a multiple of 92?
True
Is 2560 a multiple of 40?
True
Is 26 a factor of 7107?
False
Is 9 a factor of 14598?
True
Does 13 divide 22894?
False
Is 61 even?
False
Is 11 a factor of 4543?
True
Is 26 a factor of 4810?
True
Is 11 a factor of 20025?
False
Is 34 a factor of 850?
True
Is 14 a factor of 221?
False
Is 4951 a multiple of 17?
False
Is 980 a multiple of 14?
True
Is 8 a factor of 5445?
False
Does 50 divide 8700?
True
Is 294 a multiple of 3?
True
Does 9 divide 24957?
True
Is 1437 a multiple of 21?
False
Is 101 a factor of 9191?
True
Is 321 a multiple of 27?
False
Is 80 a factor of 4240?
True
Is 14042 a multiple of 14?
True
Is 88 a multiple of 5?
False
Is 139 a multiple of 4?
False
Is 35 a factor of 6615?
True
Is 312 a multiple of 78?
True
Is 6 a factor of 636?
True
Is 22882 a multiple of 67?
False
Is 22 a multiple of 7?
False
Is 20 a factor of 580?
True
Does 27 divide 270?
True
Is 69405 a multiple of 24?
False
Does 252 divide 39312?
True
Is 8 a factor of 9216?
True
Is 2054 a multiple of 44?
False
Is 7784 a multiple of 4?
True
Is 93 a factor of 8091?
True
Is 4095 a multiple of 15?
True
Is 140 a multiple of 20?
True
Does 9 divide 1925?
False
Does 4 divide 338?
False
Does 17 divide 3750?
False
Is 689 a multiple of 12?
False
Is 13 a factor of 975?
True
Is 2 a factor of 2?
True
Does 4 divide 38242?
False
Is 844 a multiple of 52?
False
Is 1344 a multiple of 6?
True
Does 31 divide 200?
False
Is 41 a factor of 7318?
False
Is 8806 a multiple of 13?
False
Is 31 a factor of 5704?
True
Does 13 divide 13559?
True
Does 12 divide 96?
True
Does 117 divide 8307?
True
Is 28 a factor of 1540?
True
Is 588 a multiple of 28?
True
Does 201 divide 17487?
True
Is 2363 a multiple of 16?
False
Does 64 divide 2439?
False
Is 912 a multiple of 10?
False
Does 3 divide 705?
True
Does 22 divide 616?
True
Is 414 a multiple of 10?
False
Is 2079 a multiple of 27?
True
Is 2870 a multiple of 56?
False
Is 71 a factor of 1846?
True
Does 36 divide 15924?
False
Does 46 divide 690?
True
Does 69 divide 2415?
True
Does 2 divide 1796?
True
Is 794 a multiple of 2?
True
Is 2950 a multiple of 59?
True
Is 315 a multiple of 5?
True
Is 11 a factor of 6916?
False
Is 20 a factor of 833?
False
Is 11 a factor of 429?
True
Does 35 divide 490?
True
Is 4 a factor of 3266?
False
Is 368 a multiple of 9?
False
Does 34 divide 1938?
True
Does 11 divide 12017?
False
Is 67 a factor of 11613?
False
Is 83 a factor of 1328?
True
Is 217 a multiple of 31?
True
Does 21 divide 2289?
True
Is 34 a factor of 3060?
True
Is 52 a factor of 30859?
False
Does 37 divide 15651?
True
Is 58 a factor of 580?
True
Is 24 a factor of 336?
True
Is 48240 a multiple of 15?
True
Is 3036 a multiple of 7?
False
Does 50 divide 450?
True
Is 4367 a multiple of 109?
False
Is 2978 a multiple of 38?
False
Is 2 a factor of 33?
False
Is 17397 a multiple of 63?
False
Is 270 a multiple of 6?
True
Does 32 divide 16064?
True
Is 88593 a multiple of 278?
False
Is 12 a factor of 41166?
False
Is 1550 a multiple of 13?
False
Is 9 a factor of 2112?
False
Is 44 a factor of 440?
True
Does 14 divide 1568?
True
Is 5539 a multiple of 102?
False
Is 37962 a multiple of 342?
True
Is 21 a factor of 40175?
False
Is 3744 a multiple of 2?
True
Is 11 a factor of 17296?
False
Is 12845 a multiple of 5?
True
Is 9755 a multiple of 36?
False
Does 21 divide 55881?
True
Is 6 a factor of 1074?
True
Does 94 divide 14100?
True
Is 26 a factor of 49192?
True
Does 6 divide 2928?
True
Is 41 a factor of 6314?
True
Is 2 a factor of 43?
False
Is 1654 a multiple of 37?
False
Is 60984 a multiple of 77?
True
Is 22 a factor of 5295?
False
Is 13 a factor of 13065?
True
Is 6 a factor of 11621?
False
Is 24 a factor of 1184?
False
Is 3196 a multiple of 47?
True
Is 18 a factor of 161?
False
Is 834 a multiple of 54?
False
Is 49 a factor of 392?
True
Is 37 a factor of 2439?
False
Is 2250 a multiple of 18?
True
Is 624 a multiple of 12?
True
Is 24 a factor of 972?
False
Is 4246 a multiple of 15?
False
Is 3497 a multiple of 161?
False
Does 35 divide 1135?
False
Is 13825 a multiple of 21?
False
Is 4919 a multiple of 76?
False
Is 37 a factor of 481?
True
Is 11589 a multiple of 45?
False
Is 804 a multiple of 7?
False
Is 15 a factor of 76527?
False
Is 59 a factor of 1593?
True
Is 4416 a multiple of 48?
True
Is 1512 a multiple of 168?
True
Is 30 a factor of 810?
True
Is 4 a factor of 56?
True
Does 10 divide 11797?
False
Does 64 divide 6615?
False
Is 112299 a multiple of 249?
True
Is 16 a factor of 899?
False
Does 17 divide 3504?
False
Is 11 a factor of 48961?
True
Does 28 divide 3164?
True
Does 11 divide 3399?
True
Is 6175 a multiple of 65?
True
Does 18 divide 1823?
False
Is 7 a factor of 20110?
False
Is 34 a factor of 18820?
False
Does 8 divide 18492?
False
Does 117 divide 76986?
True
Is 8 a factor of 648?
True
Is 29328 a multiple of 8?
True
Is 23 a factor of 5405?
True
Does 15 divide 98139?
False
Is 7 a factor of 6519?
False
Is 20 a factor of 620?
True
Is 1155 a multiple of 33?
True
Does 94 divide 27894?
False
Is 17 a factor of 2624?
False
Is 30912 a multiple of 168?
True
Is 16757 a multiple of 18?
False
Is 8779 a multiple of 12?
False
Is 101 a factor of 1414?
True
Does 3 divide 198?
True
Is 11 a factor of 13970?
True
Is 11 a factor of 46355?
False
Does 137 divide 46150?
False
Does 161 divide 19413?
False
Does 21 divide 756?
True
Is 3109 a multiple of 10?
False
Does 23 divide 4034?
False
Is 2736 a multiple of 18?
True
Does 194 divide 8175?
False
Is 74 a multiple of 74?
True
Is 26 a factor of 17464?
False
Does 50 divide 3312?
False
Does 4 divide 186?
False
Is 58 a factor of 348?
True
Does 10 divide 5608?
False
Is 25017 a multiple of 31?
True
Does 9 divide 5121?
True
Does 32 divide 1764?
False
Is 33 a factor of 66?
True
Does 15 divide 3045?
True
Does 7 divide 141?
False
Does 14 divide 462?
True
Is 13 a factor of 2133?
False
Does 19 divide 2926?
True
Is 39 a factor of 1613?
False
Is 8 a factor of 20424?
True
Is 1160 a multiple of 51?
False
Is 7 a factor of 802?
False
Is 7 a factor of 5193?
False
Is 27 a factor of 7965?
True
Does 21 divide 1093?
False
Is 5951 a multiple of 155?
False
Is 132 a factor of 6468?
True
Does 5 divide 167?
False
Does 51 divide 816?
True
Does 82 divide 2168?
False
Does 9 divide 11555?
False
Is 62561 a multiple of 116?
False
Does 25 divide 272?
False
Is 4318 a multiple of 8?
False
Does 30 divide 33922?
False
Does 14 divide 8498?
True
Is 7 a factor of 2260?
False
Does 70 divide 45328?
False
Does 13 divide 2340?
True
Does 37 divide 3657?
False
Is 39 a factor of 6209?
False
Is 4 a factor of 84?
True
Does 24 divide 2856?
True
Is 15 a factor of 165?
True
Is 73 a factor of 6381?
False
Is 6 a factor of 312?
True
Does 82 divide 5740?
True
Is 107 a factor of 1498?
True
Does 51 divide 49419?
True
Is 1020 a multiple of 17?
True
Is 146 a factor of 6424?
True
Is 506 a multiple of 8?
False
Is 915 a multiple of 10?
False
Does 126 divide 412?
False
Is 16 a factor of 1744?
True
Is 7 a factor of 47782?
True
Is 18 a factor of 353?
False
Is 45160 a multiple of 12?
False
Is 21555 a multiple of 20?
False
Is 11713 a multiple of 13?
True
Is 206 a multiple of 7?
False
Does 5 divide 1910?
True
Does 44 divide 5808?
True
Is 5 a factor of 1563?
False
Is 